ppose -5*l + 0*l = 4*f - 237, -3*f + 144 = 3*l. Let x = l + -35. Suppose 12 = -x*r - 48. Determine z(r).
-9
Suppose 5*p - 4*g - 4 = 0, -p + 4*g + 1 = 3*g. Suppose 8*h + 24 + 0 = p. Let n(m) = 3*m + 4. Calculate n(h).
-5
Let a = 9 - 154. Let p = a - -142. Let f(u) = u + 3 + u + 1. What is f(p)?
-2
Let r(g) = -g**3 + 3*g**2 + 15*g - 14. Let h = -4428 + 4433. Calculate r(h).
11
Let q = -337 + 335. Let p(y) be the second derivative of 1/6*y**3 - 1/2*y**2 - 3*y + 0. Give p(q).
-3
Let c(g) = g**2 + 16*g - 25. Let s be 51/(-9)*(-1)/(-4)*12. Let y be c(s). Let f(o) = o**3 + 9*o**2 + 4*o - 3. Give f(y).
29
Let t(f) = 3*f**2 + 4*f + 8. Suppose s - 8 = 4*b, -3*s + 5*b - 97 = -100. Determine t(s).
40
Let b(o) = 27*o**2 + 14*o - 217. Let g(l) = 22*l**2 + 16*l - 218. Let u(c) = 4*b(c) - 5*g(c). What is u(6)?
6
Let l(i) be the first derivative of -i**2/2 - 11*i + 379. Calculate l(-6).
-5
Let a be 22/(-3) + (-2)/(-6). Let h(j) be the third derivative of 0*j - 259*j**2 + 0 + 1/6*j**3 + 1/24*j**4. What is h(a)?
-6
Let j(o) = -8*o**3 - 26*o**2 + 3*o - 5. Let s(d) = -15*d**2 + d + 6*d**2 - 2 - 92*d**3 + 89*d**3. Let c(a) = -4*j(a) + 11*s(a). Give c(4).
10
Let b = 463 - 449. Suppose -b*t + 17 + 53 = 0. Let l(k) = -3*k + 7. Give l(t).
-8
Let g(q) = 12*q - 342. Let j(t) = -4*t**3 - 24*t**2 - 44*t - 235. Let x be j(-6). Calculate g(x).
6
Let b(l) be the first derivative of 1 - 1/2*l**2 - 2*l. Suppose 0 = 5*n + 20, 0 = j - 5*n - 14 - 1. What is b(j)?
3
Let p(s) be the third derivative of 135*s**2 - 1/24*s**4 + 0*s + 8/3*s**3 + 0. Determine p(8).
8
Let j(d) be the first derivative of -8*d**3/3 + 65*d**2/2 - 10*d + 6208. Give j(8).
-2
Let z(r) = -316*r + 315*r - 2633 + 2620. Give z(-24).
11
Suppose 14*r = -10*r + 288. Suppose 7*z - r*z = -4*v - 34, -5*z - 3*v = -27. Let f(j) = -j + 12. Determine f(z).
6
Suppose 4*c - 897 = -3*v, 2*c - 168 - 263 = -5*v. Suppose -231*w + c*w = -3. Let m(p) be the first derivative of -5*p**3/3 + p**2 - p + 2. Calculate m(w).
-4
Let y = 171 - 107. Let o = 66 - y. Let d be o + 11/(-7) + 6/(-14). Let b(s) = -s**3 + s**2 - s + 24. Give b(d).
24
Let y(l) = l**3 - 2*l**2 + l - 2. Suppose 3*i + 5*j + 5 = -3, 5*i = j + 24. Let p be -3*i/(-3)*1. Suppose -p*r = -4 - 4. What is y(r)?
0
Let w be -2 + -3*(1 + 0). Let q = -254 - -256. Let s(f) = -20 + 41 - q*f - 19. Calculate s(w).
12
Let j(o) = -o**2 + 135*o - 4 - 146*o - 17 - 5. Determine j(-8).
-2
Let r(p) = p**2 - 15*p + 52. Let f be r(11). Suppose -4 = -f*b + 60. Let o(m) = -m**2 + 8*m + 10. Determine o(b).
10
Let f(k) = -52*k**2 - k + 1. Let r(y) = -155*y**2 - 3*y - 22. Let a(x) = -3*f(x) + r(x). Determine a(0).
-25
Let p(b) = -3*b**2 - 55*b + 43. Let l = -3351 - -3332. Calculate p(l).
5
Let l(s) = -s**3 - 15*s**2 + 16*s + 15. Let w = -1346 - -1330. Determine l(w).
15
Let p(m) be the third derivative of m**7/2520 - m**6/720 - m**5/15 - 49*m**4/8 + 2*m**2 + 85*m. Let z(w) be the second derivative of p(w). Give z(0).
-8
Let u(r) = -r**3 + 6*r**2 - 11*r + 12. Suppose 13*d - 946 = -907. Give u(d).
6
Let h(q) = -q**2 - 7*q - 2. Let y(s) = 4*s**2 + 33*s + 13. Let d(a) = 4*a**2 + 32*a + 12. Let r(t) = 4*d(t) - 3*y(t). Let k(f) = -9*h(f) - 2*r(f). Give k(-5).
0
Let y(x) be the second derivative of 2*x**2 + 0 - 3*x - 1/2*x**3. Let s(p) = 2*p**3 - 94*p**2 - p + 43. Let l be s(47). Determine y(l).
16
Suppose -2*v + 7 = 2*s - 5, v - s = 0. Let t(x) = 5*x - 7*x**2 - x + 8*x**2 + v. Let w(h) = -3*h**2 - 7*h - 5. Let m(n) = 5*t(n) + 2*w(n). Calculate m(7).
-2
Let l = -7 + 10. Let r(z) be the first derivative of z**3 - z**2 - 2*z + 2075. Give r(l).
19
Suppose -34*i + 121 = 53. Let n(q) be the second derivative of 0*q**3 - 42*q + 0*q**i + 0 - 5/4*q**4. Determine n(1).
-15
Let n(a) = -a**2 + 2*a + 1. Let k(c) = c. Let h be k(8). Suppose 13*y - h*y = 0. Suppose y = 19*m - 13*m - 24. What is n(m)?
-7
Let c be 8375/335*(-2)/(-20)*2. Let v(j) = -3*j + 4*j - 2*j. Give v(c).
-5
Let d(n) = n. Let s(j) = -j. Let t(l) = -2*d(l) - 3*s(l). Let h be t(4). Let p(x) = -x**2 + 45052*x + 2 + 2*x**2 - 45058*x. Determine p(h).
-6
Let n be 13 + -9 + (-42)/14. Let b(x) = -10*x**2. Give b(n).
-10
Let a(s) = 2*s**3 + s - 1. Suppose -9*p + r = -13, 9 + 18 = p + 5*r. Give a(p).
17
Let r = 8477 + -8483. Let s(n) = -n - 7. What is s(r)?
-1
Let r(v) be the first derivative of 19*v**2 - 198*v - 84. Let i be r(5). Let b(j) = j**3 + 9*j**2 + 10*j + 19. Determine b(i).
3
Let k be (-2)/(-6) + (-66)/(-18) + -4. Let h(j) = -j**3 + j**2 + 2*j - 52. Calculate h(k).
-52
Let z(h) = -h**3 + 47*h**2 - 93*h + 118. Suppose -58*l + 93*l = 1575. Give z(l).
-17
Suppose -136*b - 2*b = -0*b + 1380. Let i(w) = -11*w - 4 + w**3 + 10 + 9*w**2 + 2. What is i(b)?
18
Let w(v) = -v**2 + 7*v - 4. Let d be w(6). Suppose 0 = 5*r - 10, -d*r - 2 + 26 = -5*z. Let x(u) = 1 + 20*u + 0 - 19*u. Determine x(z).
-3
Let h(s) = 245 + 72*s - 54 - 15 + 403. Give h(-8).
3
Let s(m) = -m**2 + 3*m + 13. Let h be 1735/25 - (-3)/5. Suppose -3*k + h = 11*k. Calculate s(k).
3
Let l(u) = -u**3 + 18*u**2 - 9*u - 21. Let c be ((-170)/(-2))/((-4255)/(-851)). What is l(c)?
115
Let u(g) be the third derivative of -g**5/60 + 9*g**4/8 - 16*g**3/3 - 254*g**2. Give u(26).
-6
Suppose 3*u = -4*y + 41, -17 = 4*u + 5*y - 72. Let j = -2032 + 2048. Let t(i) = -j*i - u*i + 29*i - 4. Calculate t(-5).
6
Let c(k) be the second derivative of k**3/2 + k**2 + k. Let a be (-230)/(-30)*(-420)/1610. Determine c(a).
-4
Let g(m) = m**3 - 5*m**2 + m - 8. Let k(c) = -c**2 + c**3 - 5*c**2 + c**2 - 9. Let n(d) = -6*g(d) + 5*k(d). Let l be 6 + 11/((-11)/2). Calculate n(l).
-5
Let k = 178 + -283. Let f = 99 + k. Let i(j) = -j**2 - 6*j - 2. Give i(f).
-2
Let s(u) = -u. Let o = -604 + 609. Suppose 3*a + 19 = -7*y + o*y, -2*a = -y + 1. What is s(a)?
3
Let i = 59 - 83. Let r = -12 - i. Suppose -5*d = -d - r. Let k(w) = -w - 4. What is k(d)?
-7
Suppose -45 = -7*i - 3. Suppose -k - i = -16. Suppose -8*z = -k*z. Let l(j) = j - 1. Determine l(z).
-1
Let m(l) = -2*l**3 + l**2 + 3*l - 3. Let s(i) = i**2 - 14*i + 15. Suppose 9000 = -6*a + 2268. Let o be 1/4 + a/(-88). Let b be s(o). Calculate m(b).
-9
Let z(f) = -6*f + 25. Suppose -u - 11 - 3 = -3*u. What is z(u)?
-17
Let v(w) = -w**2 - 2*w - 2. Suppose 0 = -11*o + 15*o - 184. Suppose -8*j + 31*j + o = 0. Determine v(j).
-2
Let w(r) be the second derivative of 5*r**4/12 - r. Let t(l) = l**2 - 27*l + 38. Let o be t(27). Suppose -o = 32*i - 6. What is w(i)?
5
Let m(s) = s**2 + 10*s + 10. Let d be (142 + -126)/(2 - 4). What is m(d)?
-6
Suppose -n + 4*g + 1 - 5 = 0, -5*n = -g - 18. Let i(c) = 5*c + 0 - c + 0*c - n. What is i(2)?
4
Let b(t) = t**3 + 14*t**2 + 11*t - 22. Suppose 3*j + 3*v - 29 = 8*v, 3*v = 6. Suppose -64 - 105 = j*c. What is b(c)?
4
Let t = -11 + 18. Suppose -373 = 17*w - 407. Let k(q) = -t - 3*q + w*q + 7. Give k(-5).
5
Let g(s) be the third derivative of -7*s**4/24 - 5*s**3/3 + 5342*s**2. Determine g(6).
-52
Let g = 22080 + -22072. Let z = 8 + -5. Let h(p) = 4*p**2 + 4*p - 5. Let l(q) = -11*q**2 - 12*q + 16. Let y(x) = g*h(x) + z*l(x). Determine y(-6).
-4
Let q(u) be the third derivative of 7*u**4/24 - 2*u**3 - 1006*u**2 - u. Give q(-6).
-54
Let w(y) = -31*y - 60 - 114 + 64 + 53*y. What is w(5)?
0
Let j = 1363 + -1357. Let w(k) = -2*k**3 + 9*k**2 - 13*k + 13. Let z(m) = -m**3 + 4*m**2 - 7*m + 6. Let d(t) = -3*w(t) + 5*z(t). Give d(j).
-21
Let x(r) = -8*r**3 + 20*r**3 + 6*r**2 + 20*r**3 - 33*r**3 - 12*r + 1. Calculate x(4).
-15
Suppose -50*q - 207 = -7. Let y(b) = b**3 + 5*b**2 + 7*b + 3. Calculate y(q).
-9
Suppose 25*r - 389 + 89 = 0. Suppose 0 = 21*l - r*l - 27. Let t(i) be the second derivative of -i**3/6 + 2*i**2 - i. Give t(l).
1
Let v(o) = o**3 - 10*o**2 - 2*o - 10. Suppose 123*m + 601 = 899 + 932. Calculate v(m).
-30
Let t be (3 - -2) + (-4)/2. Let u(k) = 3*k - 3*k**3 - 2*k**t + 2*k**3 - 12 + 15*k**2. Let l(z) = z**3 - 5*z**2 - z + 4. Let p(b) = 11*l(b) + 4*u(b). Give p(5).
1
Let c(i) = 2163*i + 2162*i + 3*i**2 + 8 - 4324*i. Determine c(0).
8
Let d = 17 + -63. Let x = -43 - d. Let t(l) = -3 + x + 3 - 1 - l**2. Give t(-3).
-7
Let a be (-9)/3 + -84*5/(-10). Let b(g) = 10 + 18 - 2*g - a. What is b(4)?
-19
Let m(w) = 4*w**2 - 5*w - 5. Let f(b) = -5 - b**2 + 9*b**2 - 6*b - 3*b**2 + 0. Let v(g) = 5*f(g) - 6*m(g). Calculate v(0).
5
Let j(z) = z + 15. Let f(a) = a**3 + 